et o(x) be the second derivative of x**3/6 + 5*x**2/2 + 4*x. Give o(0).
5
Let b be (2/(-6) - 0)*-3. Let z be 160/50 - 1/5. Let y(j) = -5*j + 5*j + 1 + 4*j**z + 3*j - 5*j. Give y(b).
3
Let k(f) = 9*f + 3. Let h(n) = 2*n. Let u(x) = -4*h(x) + k(x). Calculate u(5).
8
Let t(b) = b**2 + 7*b + 8. Suppose 3*d = -0*d - 66. Let s be d/4 + (-7)/14. Determine t(s).
2
Suppose 1 = -3*z - 5*g, 0 = 4*z + 3*g - 0*g - 6. Let a(b) = -4*b**2 - 2*b + z*b**2 + 2*b**2. What is a(2)?
0
Suppose 4*y - 7 = 2*o + 13, 0 = 3*y + 5*o - 41. Let g(i) = -3*i**2 + 31*i - 15. Let n(c) = -c**2 + 10*c - 5. Let z(p) = 2*g(p) - 7*n(p). Determine z(y).
-2
Let c(h) be the first derivative of h**5/30 + h**4/12 - 2*h**3/3 + 3*h**2/2 + 6. Let k(w) be the second derivative of c(w). Let o = -9 + 6. Determine k(o).
8
Let u(n) be the second derivative of n**5/20 - n**4/12 - n**3/6 - n**2/2 + 8*n. Determine u(-2).
-11
Let u(d) be the second derivative of -d**3/6 - 3*d**2/2 - 7*d. Give u(4).
-7
Let i be ((0 - 0) + 0)/2. Let j(z) = z**2 + 5*z - 4*z - 2 - 2. What is j(i)?
-4
Let h be 2/(-3)*-3*3. Suppose -q + 10 = -b - 0*q, -4 = -2*b - 4*q. Let d = b + h. Let l(a) = -a + 3. What is l(d)?
3
Let t be 19/(-4) - (-3)/(-12). Let g(h) = 7*h**2 + 10*h + 1. Let f(i) = 6*i**2 + 9*i. Let y(k) = 6*f(k) - 5*g(k). Calculate y(t).
0
Let b(c) = 11*c**2. Let h(n) = 45*n**2. Let j(g) = 25*b(g) - 6*h(g). Give j(-1).
5
Let n(b) = b + 1. Let l be 136/(-20) + 1/(-5). Let g = l + 11. Determine n(g).
5
Let s(b) = 4*b - 8. Let x(d) = -5*d + 8. Let z = -2 + -1. Let q(v) = z*x(v) - 4*s(v). Let k(i) = 5*i**2 - 65*i. Let p be k(13). What is q(p)?
8
Let o(t) = -t**3 + t**2 + t - 1. Let m(h) = h + 3. Let n be m(0). Suppose n*c + 9 = 0, q - 5*c = -4*q + 25. What is o(q)?
-3
Let w(c) be the second derivative of -c**3/6 - c**2/2 + 7*c. Give w(3).
-4
Let w = 161 - 167. Let i(g) = g**2 + 7*g - 2. Calculate i(w).
-8
Let c = -19 + 22. Let k(n) be the third derivative of 0 + 1/2*n**c + 2*n**2 + 1/8*n**4 - 1/60*n**5 + 0*n. Calculate k(4).
-1
Let i(m) = -m + 1. Let l be -1*(0 - -1 - 1). Let p be 0 + 3 + 12/(-4). Suppose -3*g + 4*x - 5 = p, l = -4*x - 2 - 2. What is i(g)?
4
Suppose -2*r = -5*b + 2 - 1, -r - 2*b - 5 = 0. Let v(f) = -6*f - 2. What is v(r)?
16
Let o(v) = -7 + 3 + 4*v - 6. Let s(u) = -8 - 3*u + 1 + 14. Let n(x) = -5*o(x) - 7*s(x). Determine n(-4).
-3
Let i(k) be the second derivative of k**4/12 - k**3/2 - 3*k**2/2 - 2*k. Let w = 3 + 0. Let t be i(w). Let f(a) = -a**2 + 2*a + 4. Give f(t).
-11
Let d(a) = -a**2 - 8*a - 2. Suppose 0 = -y - 4*y - 35. Give d(y).
5
Let y(i) = 11*i**3 + 18*i**2 - 11*i - 20. Let m(f) = -7*f**3 - 12*f**2 + 7*f + 13. Let z(s) = -8*m(s) - 5*y(s). Let p = 11 - 17. Determine z(p).
2
Let n(h) = h**3 - h**2 + h + 8. Let p = 2 - -2. Let a = 5 - 3. Suppose -2*u - r = -a*r - p, -4 = 4*u + r. Give n(u).
8
Let u(g) be the first derivative of -5*g**3/3 - g - 1. Let y(w) = w**3 - 5*w**2 - 4*w - 11. Let a be y(6). Determine u(a).
-6
Let o(j) = -8*j - 1. Suppose -5 + 6 = -k. Give o(k).
7
Let c be (-3)/4 - 153/36. Let i(j) = -j**2 - 4*j. Give i(c).
-5
Let v(r) = 8*r + 4*r**2 - 6*r + 5 + 0*r**3 + r**3 + 1. Let h(a) = -4*a**2 - a + 1. Let n be h(1). Let m be n/((4 - 2) + -1). Calculate v(m).
-2
Let h = 9 + -7. Let t = 1 + -1. Let g(q) = -3*q**2 + 4 + 2*q**3 + q - 5 + t*q**2. Determine g(h).
5
Let b(a) = -3*a**2 + 9*a. Let c(q) = -7*q**2 + 19*q + 1. Let t(w) = 5*b(w) - 2*c(w). Let j be 4*6*3/12. Determine t(j).
4
Let p(a) = 5*a + 1. Let k be (-33)/22*(-10)/(-3). Give p(k).
-24
Let r(p) = -4*p - 9*p**2 + 1 + 12*p**2 + 2*p. Give r(2).
9
Let a = 3 + 1. Let h(d) = d**3 - 4*d + a*d**2 + 2 - 2*d**2 + d**2. Suppose -2*l = 4*g + 24, 0 = -4*g + 3*l - 0 - 4. Determine h(g).
2
Let t(a) = a + 6. Let g = -14 - -20. Let j = g - 6. Determine t(j).
6
Let q(n) be the third derivative of n**5/60 + n**4/24 + n**3/6 + 6*n**2. Let k(w) be the first derivative of q(w). What is k(-3)?
-5
Suppose -7 = -p - 5. Suppose 0 = -3*m + 11 - p. Let i(z) = -1 - 2 + 1 + 2*z. Determine i(m).
4
Let d(u) = u**2 - 9*u + 10. Let w be d(8). Let y = 10 + -6. Suppose -y = l - w. Let s(p) = p**3 + 2*p**2 + 4*p + 3. Determine s(l).
-5
Let t(y) = y**2 + 7*y + 5. Let b be t(-5). Let r(k) = 4*k - 1. Let x be r(1). Let i(q) = q**2 + x - 1 + 0*q**2 + 4 + 5*q. What is i(b)?
6
Suppose 0 = -3*c - 2 - 1. Let g(z) = 2 + 3 - 4. Let d(w) = 2*w - 3. Let q(f) = c*d(f) - 2*g(f). Determine q(-1).
3
Let w(c) = c**2 + 5*c - 3. Let t(s) = s**2 + 7*s + 4. Let f be t(-5). Give w(f).
3
Suppose -3*w = -8*w + 40. Let a(z) = z**3 + z**2 + 4. Let g be a(0). Let t(m) = -g*m + 4*m - m + w + m**2. What is t(0)?
8
Let h = 47 + -50. Let s(j) = -j**2 - 3*j + 2. What is s(h)?
2
Let l(w) be the second derivative of 3/20*w**5 + 1/2*w**2 + 0*w**3 + 0 + 0*w**4 + 2*w. Let y(r) = r**3 + 9*r**2 - 9*r + 11. Let v be y(-10). Determine l(v).
4
Suppose -6 = z - 2*z. Let v = z - 1. Let t(h) = -h**3 + 4*h**2 + 3*h + 7. Determine t(v).
-3
Let d = -12 + 8. Suppose 2*b - 5*b + 12 = 0. Let y(j) = 4 - b - 6*j - 6 - j**2. Calculate y(d).
2
Let k(g) be the first derivative of -7*g**2/2 + g + 9. Calculate k(1).
-6
Let h(n) = 5 + 3*n - 4 - 4*n - n. Determine h(-6).
13
Let i(l) = -l**2 - 2*l + 4. Let q be i(4). Let m = -16 - q. Let y(c) be the second derivative of c**4/12 - 2*c**3/3 - 2*c**2 + c. Determine y(m).
-4
Suppose -5*i - 6 = 3*s - 0*i, -15 = 3*s + 2*i. Let q(x) = x**3 + 8*x**2 + 8*x + 2. Calculate q(s).
-5
Let q(w) be the second derivative of w**4/12 + 3*w**3/2 + 5*w**2/2 + 3*w. Determine q(-5).
-15
Let s(m) = -m**3 + 6*m**2 + m - 4. Let d be s(6). Let x = d + -6. Let q(k) = k**3 + 3*k**2 - 5*k - 3. Calculate q(x).
1
Let t(w) be the second derivative of -w**5/20 + 5*w**4/12 + w**3/3 - 5*w**2/2 + w. Suppose 3*r + 0*p - 17 = p, 0 = 2*r + 4*p - 2. Give t(r).
5
Let g(m) = 4*m**3 + m + 1. Let f = -3 + 1. Let o = 1 + f. Determine g(o).
-4
Let z(o) = -10*o**2 - 16*o. Let y(b) = 7*b**2 + 11*b. Let t(x) = 7*y(x) + 5*z(x). Let w(s) = -s. Suppose 0 = 4*c - 7 - 9. Let g be w(c). What is t(g)?
-4
Let k(o) = -o**2 - 3*o + 4. Let g be k(-6). Let v = g - -10. Let c(l) be the second derivative of -l**3/3 - l**2/2 - l. Give c(v).
7
Let k(i) = i**3 + 4*i**2 - 2*i + 6. Let h = 7 - 12. What is k(h)?
-9
Let y be (6 - 2)*(-27)/12. Let k = -7 - y. Let j(h) = 6 - 4 - k + h**3 + 3*h**2 - 4*h. What is j(-4)?
0
Let d(a) = -7 + a**2 - 2*a + 0*a**2 - 3*a. Let u be d(6). Let o(z) = -8*z**3 - 2*z**2 - z. What is o(u)?
7
Let d(w) = -w**2 - 4*w - 6. Suppose 5*m = 5*q + 10, 2 = -3*q + 2*m + 2*m. Give d(q).
-18
Let g(d) = 4*d - 5 + 5*d**2 - 2*d - 1 - 1. Let z(b) = -9*b**2 - 5*b + 14. Let s(w) = -11*g(w) - 6*z(w). What is s(5)?
8
Let l(k) = k**3 - 6*k**2 - 4*k - 7. Let j be 1/((3/7)/3). Give l(j).
14
Let o(p) = -p**2 + 1. Let l(t) = t + 8. Let m = 16 - 23. Let r be l(m). Let h(k) = -k**2 + 1. Let v be h(r). What is o(v)?
1
Let n(t) = t + 8. Let j(o) = o**3 - 16*o**2 + 37*o + 17. Let l be j(13). What is n(l)?
-1
Let g(h) = 9*h**2 - 9*h**2 - 11*h + h**2 - 12. Determine g(12).
0
Let k(v) = v**3 + 2*v**2 + v. Let w be 1/2 - (-10)/(-4). Give k(w).
-2
Let o be ((-5)/10)/((-3)/12). Let f(w) = w**3 + 2*w**2 - 4*w + 3. Determine f(o).
11
Let w(b) = -b**2 + 4*b - 5. Let a(g) = -g**2 + 4*g - 4. Let h(k) = 4*a(k) - 3*w(k). Suppose -d + 6 + 5 = 0. Let n = 16 - d. Calculate h(n).
-6
Let l = 2 + 0. Let s be (l + -2)/((-4)/2). Suppose -2*q = 4*j + 18 - 4, s = 5*q + 4*j + 29. Let r(w) = -w**2 - 4*w - 1. Determine r(q).
-6
Suppose 4*a + 3*h - 29 = 0, 4*a - 5*h + 2*h = 59. Let m(v) = v - 13. Determine m(a).
-2
Let j(s) = 4*s. Let d(m) = -7*m. Let a(u) = 3*d(u) + 5*j(u). Give a(1).
-1
Let w(b) = 4*b - 2. Let m(j) = 4*j - 1. Let v(x) = 3*m(x) - 2*w(x). Determine v(2).
9
Let y(s) = s. Let w(b) = 12*b**2 + b - 1. Let k be w(1). Suppose 6*z - 9*z + k = 0. Calculate y(z).
4
Let n(b) = -4*b**3 + 2*b**2 - 1. Suppose 8 + 2 = 2*k. Let r = 4 + 2. Suppose 0 = w - r*w - k. Give n(w).
5
Let w(v) = 11*v**2. Suppose -9 = 4*u - 21, -4*b = -2*u + 10. Give w(b).
11
Let l(y) = y**2 + y + 3. Let c be l(0). Suppose c*g - 24 = -g. Suppose 3*o - g*o - 12 = 0. Let r(j) = j**3 + 4*j**2 - j - 4. Calculate r(o).
0
Let c(r) = r**2 - 7*r. Let w = 21 - 15. Determine c(w).
-6
Let d(u) be the third derivative of u**7/840 - u**6/60 - 3*u**5/40 + 3*u**4/8 + u**3/6 - 3*u**2. Let c(t) be the 